d by r.
6
Let w = -43 + 52. What is the remainder when 34 is divided by w?
7
Suppose 4*s - 3*s = -5*v + 347, 4*v + s = 277. Calculate the remainder when v is divided by 18.
16
Suppose -v = -4*n - 29, -4*n = -5*v + 205 - 28. What is the remainder when 183 is divided by v?
35
Suppose 8*v - 10*v = -170. What is the remainder when v is divided by 22?
19
Let g be (-195)/25 - (-2)/(-10). Let k = g + 10. Calculate the remainder when 3 is divided by k.
1
Calculate the remainder when 1/(6/(-136))*(-45)/30 is divided by 18.
16
Suppose 17*v = 11*v + 36. What is the remainder when (3/2)/((-2)/(-12)) is divided by v?
3
Let n be -1 - -2*(-1)/(-2). Let a(z) = -z**2 + z + 70. Let i be a(n). Suppose i - 7 = 3*d. What is the remainder when d is divided by 11?
10
Calculate the remainder when (105/(-6))/((-4)/8) is divided by 10.
5
Let c = 43 + -13. What is the remainder when c is divided by 12?
6
Calculate the remainder when 17 is divided by (6 - 9)*(-5)/3.
2
Let t = 48 + -14. Calculate the remainder when t is divided by 9.
7
Let h be 45/(-5) + (-2)/(-1). What is the remainder when 13 is divided by h*(-2)/(-6)*-3?
6
Let n be (-1)/(-1 + (-5)/(-4)). Let u(m) = 6 + m - m**2 + 0*m**2 + 2*m**2 - 2. Calculate the remainder when u(n) is divided by 6.
4
Let q(r) = 3*r**2 - 2*r + 1. Suppose 0 = -4*u - 10 - 2. Calculate the remainder when q(u) is divided by 19.
15
What is the remainder when (-1 - -3) + (-1 - 4*-9) is divided by 13?
11
Let g(u) = 3*u**2 - u + 1. Suppose -2*x = 4*z - 120, 1 + 3 = -x. Calculate the remainder when z is divided by g(2).
10
Let j(h) = -3*h + 1. Suppose -2 = 6*a - 4*a. Suppose 0 = -4*m - 3*p + p + 4, -2*m - 3*p = 6. What is the remainder when j(a) is divided by m?
1
Let d(l) = -13*l - 5. Let t(z) = 7*z + 2. Let n(y) = -6*d(y) - 11*t(y). Calculate the remainder when n(8) is divided by 33/6 + 3/6.
4
Let q = -9 + 5. Let k = q - -11. Calculate the remainder when 18 is divided by k.
4
Suppose 0 = 4*w - 2*w + 36. Let r be 4/w - 48/27. What is the remainder when 11 is divided by ((-1)/r)/((-1)/(-6))?
2
Suppose t = -2*c + 21, c - 3*c - 4*t = -30. Let y be 2/(-4) + 10/(-4). Let r = 8 + y. What is the remainder when c is divided by r?
4
Suppose 0 = f + 5*t - 105, -f + 2*t = -t - 81. Suppose 0*a - f = -5*a. Calculate the remainder when 69 is divided by a.
15
Let m = 40 + -32. Calculate the remainder when 27 is divided by m.
3
Let w(s) = -5*s**2 - 18*s + 8. Let y(b) = -2*b**2 - 6*b + 3. Let v(o) = -3*w(o) + 8*y(o). What is the remainder when v(5) is divided by 2?
1
What is the remainder when 17 is divided by 60/2*(-2)/(-6)?
7
Let n = -15 + 4. Let g(t) = t**2 + 10*t - 4. What is the remainder when 25 is divided by g(n)?
4
Suppose 3 + 6 = 3*i. Suppose -2*t = -3*t + i. Calculate the remainder when t is divided by 1.
0
Calculate the remainder when 31 is divided by (-5*(-48)/200)/((-3)/(-40)).
15
Let u = 25 - 21. Suppose -2*j - u*o = -3*j - 8, -j + o + 1 = 0. Suppose -2 = -2*w + 20. Calculate the remainder when w is divided by j.
3
Let t be (-5)/(-40) + 1/(-8). Suppose -4*l = -3*f - 367, t*l + 97 = l + f. What is the remainder when l is divided by 24?
22
Suppose 0 = 7*h - 6*h - 17. What is the remainder when h is divided by 4?
1
Let k(b) = 374*b - 6. Suppose -8 = -0*l - 2*l. Let n be k(l). What is the remainder when n/30 - (-1)/3 is divided by 13?
11
Suppose 16 + 16 = 4*s. Let v be s/5 + (-4)/(-10). Let q(t) = 3*t**2 + 2. Calculate the remainder when 41 is divided by q(v).
13
Let k = 15 + 13. Suppose -4*f = -4*u - 216, -f + 82 = u + k. Let z = -18 + 32. Calculate the remainder when f is divided by z.
12
Let k(c) = -3*c + 17. Suppose -5*a + 18 = -4*a. Calculate the remainder when k(-12) is divided by a.
17
Let i(j) = -14*j - 4. What is the remainder when i(-1) is divided by 3?
1
Let z be 2/(-8) + (-313)/(-4). Let a = -41 + z. Let p = -27 - -40. Calculate the remainder when a is divided by p.
11
Suppose -4*t - h = -212, 2*t - 5*h - 97 = 9. Suppose -5*n = -72 - t. What is the remainder when n is divided by 9?
7
Suppose 20 = 2*x - 12. Calculate the remainder when 30 is divided by x.
14
Let o(w) = w**3 - w**2 + 7. Let s be o(0). Suppose -2*x - 3 = -s. Let f(q) = q - 6. What is the remainder when f(8) is divided by x?
0
Let a be 1*(-2 + 1)*-83. Suppose 0*f + 5*f = -2*d + a, 2*d - 2*f = 118. What is the remainder when d is divided by 14?
12
Let w(f) = f + 3. Let a be -1*(-6)/4*4. What is the remainder when 26 is divided by w(a)?
8
Let i = -15 + 39. Suppose -i = 3*q - 129. Calculate the remainder when q is divided by ((-8)/10)/(6/(-135)).
17
Suppose 3*t + n + 9 = -0, -15 = 5*t + 2*n. Calculate the remainder when t*1/(-3)*25 is divided by 9.
7
Let h(u) = u + 8. Let x be h(0). Let y be (-116)/x - (-2)/4. Let b = 28 + y. Calculate the remainder when b is divided by 5.
4
Let x(b) = b**2 - 2*b - 2. What is the remainder when 47 is divided by x(-2)?
5
Suppose -5*m + 5*g = -75 - 25, -2*m + 43 = -g. What is the remainder when 91 is divided by m?
22
Suppose -2*r + 75 = r. Suppose -x + 37 = 4*v, -4*v + 87 = 2*x - 9*v. Suppose 4*s - x = -g + 2*g, 20 = -4*g. What is the remainder when r is divided by s?
7
Suppose 4 = -b, 80 = 4*x - 2*x - 3*b. Suppose 2*l - 3*a - a = x, -2*a - 85 = -5*l. What is the remainder when l is divided by 9?
8
Suppose -2*c + 4 = 0, -c = -4*a - 2*c + 114. What is the remainder when a is divided by 15?
13
Let f(p) be the second derivative of 0 - 1/2*p**2 - 13/6*p**3 - 2*p. Calculate the remainder when 34 is divided by f(-1).
10
Let a be 1/4 + 105/28. Suppose -a*x = -x. Suppose x = -3*q + 158 - 26. Calculate the remainder when q is divided by 15.
14
Suppose -6 = -3*h + 27. Calculate the remainder when (43/3)/(3/(-45)*-5) is divided by h.
10
Calculate the remainder when 3*(-3)/(-18)*38 is divided by 5.
4
Suppose 0 = 4*x - 0*x - 44. Let a = 18 + -10. Let f(q) = q - 2. What is the remainder when x is divided by f(a)?
5
Let n be ((-10)/8)/((-1)/68). Suppose -5*c + 136 = 4*f, 0*c + f = 3*c - n. Calculate the remainder when c is divided by 20/(-4)*1*-2.
8
Suppose -14 = -2*a - 6. Suppose 2*q - 12 - 16 = 0. Calculate the remainder when q is divided by a.
2
Suppose -2*r + 4*d + 217 = r, -d - 1 = 0. Suppose 26 = 4*y - 3*y - 4*w, -r = -3*y + 5*w. Calculate the remainder when 42 is divided by y.
20
Let u = 14 - -3. What is the remainder when u is divided by 3/((24/(-10))/(-4))?
2
Let h(v) = v**3 + 2*v + 1. Let g = -71 - -75. What is the remainder when h(2) is divided by g?
1
Let b = -3 + 8. What is the remainder when 9 is divided by b?
4
Let z(b) = -b**3 + 2*b**2 + 6*b - 4. Calculate the remainder when z(2) is divided by 2.
0
Let k(o) = o**2 - 2*o - 1. Suppose -5*u = -4*l - 101, 3*u + 5*l - 1 - 30 = 0. Suppose u = j + 4. What is the remainder when j is divided by k(-2)?
6
Let l = -1 - 1. Calculate the remainder when 21 is divided by ((-2)/(-3))/(l/(-18)).
3
Suppose -3*q = 2*p - 101 + 15, -4*q + 8 = 0. Let d = -12 + p. Calculate the remainder when d is divided by 10.
8
Let q(f) = f**2 + 4*f + 3. Calculate the remainder when q(4) is divided by (-2)/4 - 228/(-24).
8
Let i be (-2 + (-5)/(-2))*6. Let p = 8 + i. Let t = 31 + -10. Calculate the remainder when t is divided by p.
10
Let p = 74 + -28. What is the remainder when p is divided by 24?
22
Suppose -4*x - 27 = -31. Calculate the remainder when x is divided by 1.
0
Calculate the remainder when 517/(-22)*(-1 + -1) is divided by 17.
13
Suppose 4*h = -5*b + 86, -h + 6 = -2*b - 9. Suppose 175 = 5*p - l, -2*p + 26 = -p - 2*l. Calculate the remainder when p is divided by h.
17
Let g(w) = 2*w**3 - 2*w**2 - 2*w. Calculate the remainder when 15 is divided by g(2).
3
Suppose -5*k + 54 = -2*k. Calculate the remainder when (1 - 0) + k*1 is divided by 7.
5
Let q = -18 + 7. Let u = q - -26. What is the remainder when u is divided by 6?
3
Let w be -3*(1 - (-18)/(-3)). Suppose v - w - 5 = 0. What is the remainder when v is divided by (-2)/(-5) + (-106)/(-10)?
9
Suppose 22 - 2 = -5*k. Let p = -1 - k. What is the remainder when p is divided by 3?
0
Suppose -40 = -7*f + 4*f + 4*o, -4*o = 4*f - 16. Suppose -2*j = 3*q - 3*j - 42, -14 = -q - 4*j. Calculate the remainder when q is divided by f.
6
Let l = 4 + -1. Let o = l - -4. Let f(s) = s**3 - 5*s**2 - 8*s + 5. What is the remainder when f(o) is divided by 16?
15
Suppose -68 - 82 = -3*a. C